hen 193781 is divided by 600?
581
Calculate the remainder when 56273 is divided by 107.
98
What is the remainder when 19338 is divided by 351?
33
Calculate the remainder when 5056 is divided by 19.
2
Calculate the remainder when 6262 is divided by 68.
6
Calculate the remainder when 36580 is divided by 271.
266
Calculate the remainder when 9734 is divided by 2129.
1218
Calculate the remainder when 149950 is divided by 638.
20
Calculate the remainder when 9192 is divided by 1021.
3
What is the remainder when 7794 is divided by 278?
10
Calculate the remainder when 27735 is divided by 13863.
9
Calculate the remainder when 11359 is divided by 193.
165
What is the remainder when 53898 is divided by 339?
336
Calculate the remainder when 700234 is divided by 36.
34
What is the remainder when 9390 is divided by 188?
178
What is the remainder when 80840 is divided by 188?
0
What is the remainder when 460 is divided by 263?
197
Calculate the remainder when 2844 is divided by 755.
579
Calculate the remainder when 701 is divided by 18.
17
What is the remainder when 5598 is divided by 72?
54
What is the remainder when 2468 is divided by 309?
305
Calculate the remainder when 5053 is divided by 108.
85
What is the remainder when 3084 is divided by 16?
12
Calculate the remainder when 8986 is divided by 4458.
70
Calculate the remainder when 6495 is divided by 383.
367
What is the remainder when 2290 is divided by 364?
106
Calculate the remainder when 35405 is divided by 39.
32
Calculate the remainder when 3720 is divided by 3513.
207
What is the remainder when 6245 is divided by 127?
22
What is the remainder when 21030 is divided by 6980?
90
What is the remainder when 3296 is divided by 130?
46
What is the remainder when 621881 is divided by 207286?
23
What is the remainder when 85177 is divided by 4257?
37
What is the remainder when 21176 is divided by 2645?
16
What is the remainder when 52685 is divided by 23?
15
Calculate the remainder when 5593 is divided by 5519.
74
What is the remainder when 34933 is divided by 96?
85
Calculate the remainder when 128279 is divided by 3.
2
Calculate the remainder when 81899 is divided by 450.
449
Calculate the remainder when 18550 is divided by 2643.
49
Calculate the remainder when 31226 is divided by 1115.
6
What is the remainder when 9484 is divided by 1567?
82
What is the remainder when 180698 is divided by 196?
182
Calculate the remainder when 53257 is divided by 3.
1
What is the remainder when 2474172 is divided by 825?
822
Calculate the remainder when 4770 is divided by 171.
153
Calculate the remainder when 33144 is divided by 745.
364
Calculate the remainder when 1783 is divided by 299.
288
Calculate the remainder when 6796 is divided by 50.
46
What is the remainder when 36651 is divided by 11?
10
Calculate the remainder when 2907 is divided by 2429.
478
What is the remainder when 10502 is divided by 9?
8
Calculate the remainder when 107945 is divided by 53940.
65
What is the remainder when 15657 is divided by 7826?
5
What is the remainder when 15191 is divided by 9?
8
What is the remainder when 265527 is divided by 265514?
13
What is the remainder when 334146 is divided by 117?
111
Calculate the remainder when 36676 is divided by 454.
356
Calculate the remainder when 21234 is divided by 4246.
4
Calculate the remainder when 308068 is divided by 270.
268
What is the remainder when 426 is divided by 196?
34
What is the remainder when 7426 is divided by 9?
1
What is the remainder when 1412961 is divided by 126?
123
What is the remainder when 9424 is divided by 680?
584
Calculate the remainder when 339672 is divided by 386.
378
Calculate the remainder when 8133 is divided by 2676.
105
Calculate the remainder when 85462 is divided by 72.
70
What is the remainder when 602270 is divided by 944?
942
Calculate the remainder when 376186 is divided by 16.
10
What is the remainder when 2873 is divided by 108?
65
Calculate the remainder when 544 is divided by 478.
66
Calculate the remainder when 259852 is divided by 426.
418
What is the remainder when 12898 is divided by 177?
154
What is the remainder when 6174 is divided by 2056?
6
What is the remainder when 30618 is divided by 782?
120
Calculate the remainder when 85251 is divided by 22.
1
What is the remainder when 237335 is divided by 1869?
1841
Calculate the remainder when 1159036 is divided by 529.
526
What is the remainder when 1724 is divided by 108?
104
Calculate the remainder when 6920 is divided by 980.
60
What is the remainder when 6675 is divided by 135?
60
What is the remainder when 13536 is divided by 488?
360
What is the remainder when 19628 is divided by 65?
63
Calculate the remainder when 44675 is divided by 34.
33
Calculate the remainder when 14480 is divided by 308.
4
What is the remainder when 13960 is divided by 13905?
55
What is the remainder when 68104 is divided by 13?
10
What is the remainder when 218351 is divided by 16?
15
Calculate the remainder when 1596 is divided by 1131.
465
What is the remainder when 2059 is divided by 671?
46
What is the remainder when 89488 is divided by 1226?
1216
What is the remainder when 101117 is divided by 209?
170
Calculate the remainder when 7278 is divided by 1378.
388
What is the remainder when 696503 is divided by 137?
132
Calculate the remainder when 98591 is divided by 15.
11
What is the remainder when 424016 is divided by 764?
760
What is the remainder when 3702 is divided by 56?
6
What is the remainder when 5446 is divided by 5422?
24
Calculate the remainder when 185494 is divided by 175.
169
What is the remainder when 12962 is divided by 24?
2
Calculate the remainder when 6221 is divided by 50.
21
Calculate the remainder when 5863 is divided by 95.
68
What is the remainder when 963 is divided by 328?
307
Calculate the remainder when 20719 is divided by 80.
79
Calculate the remainder when 9120 is divided by 22.
12
Calculate the remainder when 23742 is divided by 69.
6
What is the remainder when 176133 is divided by 37?
13
Calculate the remainder when 65883 is divided by 448.
27
What is the remainder when 2143 is divided by 697?
52
Calculate the remainder when 335481 is divided by 11980.
41
What is the remainder when 111485 is divided by 116?
9
What is the remainder when 19192 is divided by 9559?
74
Calculate the remainder when 16173 is divided by 256.
45
Calculate the remainder when 967 is divided by 160.
7
Calculate the remainder when 7792 is divided by 777.
22
What is the remainder when 55658 is divided by 253?
251
Calculate the remainder when 50927 is divided by 25449.
29
What is the remainder when 44698 is divided by 160?
58
What is the remainder when 15387 is divided by 154?
141
Calculate the remainder when 1778 is divided by 795.
188
Calculate the remainder when 8637 is divided by 107.
77
Calculate the remainder when 6254 is divided by 1165.
429
Calculate the remainder when 74246 is divided by 89.
20
Calculate the remainder when 460098 is divided by 50.
48
Calculate the remainder when 124796 is divided by 341.
331
Calculate the remainder when 5785 is divided by 256.
153
What is the remainder when 7241 is divided by 62?
49
Calculate the remainder when 164324 is divided by 6.
2
Calculate the remainder when 4450 is divided by 91.
82
What is the remainder when 76269 is divided by 25417?
18
What is the remainder when 92603 is divided by 34?
21
Calculate the remainder when 25874 is divided by 143.
134
Calculate the remainder when 3992 is divided by 1326.
14
What is the remainder when 112636 is divided by 56291?
54
What is the remainder when 1205 is divided by 339?
188
Calculate the remainder when 10089 is divided by 310.
169
What is the remainder when 11440 is divided by 19?
2
What is the remainder when 3287 is divided by 550?
537
What is the remainder when 568 is divided by 264?
40
What is the remainder when 26292 is divided by 621?
210
What is the remainder when 3183638 is divided by 1420?
1418
What is the remainder when 113271 is divided by 136?
119
What is the remainder when 2065 is divided by 548?
421
Calculate the remainder when 597818 is divided by 308.
298
What is the remainder when 13553 is divided by 12868?
685
Calculate the remainder when 1806 is divided by 371.
322
Calculate the remainder when 2